(h) = 48*h**2 + 13590*h + 1399. What is u(-283)?
-299
Let v(l) = -l**3 + 113*l**2 + 12049*l + 1940. Calculate v(180).
-40
Let n(u) = -u**3 + 8*u**2 + 46*u + 141. Give n(-3).
102
Let l(z) = -3*z**3 + 6*z**2 + 123*z - 609. Give l(5).
-219
Let n(c) = 3*c**3 + 136*c**2 - 756*c + 12. Calculate n(5).
7
Let l(f) = 2184*f - 6928. Determine l(3).
-376
Let h(a) = 4058*a - 77095. Determine h(19).
7
Let c(y) = -7*y**2 - 7334*y + 1900386. Give c(215).
1
Let j(s) = -s**2 - 64*s - 593. Give j(-66).
-725
Let k(z) = -3*z**2 - 167*z - 786. Calculate k(-51).
-72
Let j(f) = -f**3 - 102*f**2 + 4775*f - 2742. Determine j(-137).
-2
Let g(u) = -10*u**2 - 163*u - 1138. Give g(-8).
-474
Let o(b) = 39691*b + 3492808. Give o(-88).
0
Let l(v) = 24*v + 3291. Determine l(-145).
-189
Let q(m) = 858*m - 16314. Give q(19).
-12
Let w(u) = 298*u**2 - 3275*u - 123. What is w(11)?
-90
Let o(g) = 153*g + 2012. Give o(6).
2930
Let t(l) = -l**2 - 44524*l + 356250. Give t(8).
-6
Let x(k) = -k**3 + 10*k**2 + 33*k - 32. Give x(-5).
178
Let t(d) = -d**3 - 19*d**2 - 29*d - 4468. What is t(-25)?
7
Let u(m) = 7608*m + 197373. Calculate u(-26).
-435
Let k(w) = 348*w + 615. Give k(-1).
267
Let x(q) = -2*q**2 + 592*q - 7945. Determine x(285).
-1675
Let k(s) = -130*s + 5716. Determine k(35).
1166
Let l(i) = -2*i**3 + 8*i**2 - 122*i - 389. What is l(-3)?
103
Let b(h) = -h**3 - 133*h**2 + 662*h + 157. What is b(5)?
17
Let v(l) = -17390*l - 3860584. Give v(-222).
-4
Let u(a) = 61127*a + 14364842. Calculate u(-235).
-3
Let n(w) = 3*w**3 + 2078*w**2 + 20464*w - 161. Calculate n(-10).
-1
Let d(a) = a**3 + 426*a**2 + 800*a + 340801. Determine d(-426).
1
Let i(z) = 13*z**2 + 1305*z + 482. What is i(-100)?
-18
Let s(x) = 6*x**2 - 33216*x - 199327. What is s(-6)?
185
Let t(h) = 2*h**3 + 43*h**2 + 145*h - 146. Give t(-18).
-488
Let v(t) = -t**2 - 472*t - 55317. Calculate v(-255).
18
Let y(n) = -n**3 + 30*n**2 + 795*n + 3949. Calculate y(-9).
-47
Let m(u) = 41*u**3 + 54*u**2 - 41*u - 44. Determine m(-1).
10
Let j(m) = -8728*m + 78796. Calculate j(9).
244
Let r(k) = 10*k**3 + 35*k**2 + 35*k + 6. Determine r(-1).
-4
Let o(y) = -y**3 + 44*y**2 + 10400*y - 449298. Give o(43).
-249
Let d(j) = j**3 - 15284*j**2 - 183558*j - 97. Calculate d(-12).
-25
Let w(f) = 21183*f + 317640. Give w(-15).
-105
Let i(h) = -10*h**2 + 329*h - 2641. Calculate i(17).
62
Let q(j) = -1060827*j + 1060820. What is q(1)?
-7
Let c(v) = -123645*v + 19535914. Calculate c(158).
4
Let j(x) = -68*x**2 - 7341*x + 280. Calculate j(-108).
-44
Let x(g) = -g**3 + 123*g**2 - 323*g - 160. Calculate x(3).
-49
Let v(s) = 3*s**2 - 68*s - 4244. Determine v(53).
579
Let q(y) = 3067*y + 42400. Give q(-14).
-538
Let r(y) = 9072*y - 63560. Determine r(7).
-56
Let z(x) = x**2 + 14014*x + 1308475. Calculate z(-94).
-5
Let z(w) = 3*w**3 - 10*w**2 - 61*w - 15. Determine z(-5).
-335
Let v(d) = -61212*d + 1897641. What is v(31)?
69
Let y(k) = 5*k**3 + 7191*k**2 + 8623*k + 1463. What is y(-1437)?
26
Let y(g) = -521*g**3 - 4*g**2 - 7*g + 5. Calculate y(1).
-527
Let x(q) = -3*q**3 - 15591*q + 15592. What is x(1)?
-2
Let q(x) = -40*x**3 + x**2 + 2775*x + 2773. Determine q(-1).
39
Let g(u) = -u**3 + 36*u**2 + 7071*u + 74. Determine g(104).
-30
Let k(r) = 30823*r + 369758. What is k(-12)?
-118
Let t(v) = -2*v**3 - 86*v**2 - 216*v - 5191. What is t(-42)?
353
Let y(h) = -215*h - 5540. Determine y(-18).
-1670
Let b(k) = 79*k**3 + 24*k**2 - 102*k + 77. Determine b(1).
78
Let q(o) = -16*o**3 - 147*o**2 - 141*o + 76. What is q(-8)?
-12
Let d(f) = -99*f - 8741. Give d(-84).
-425
Let h(g) = -402*g - 21718. Calculate h(-54).
-10
Let j(o) = -2*o**2 - 43*o + 24236. Calculate j(-118).
1462
Let p(m) = -2*m**2 - 599*m - 15146. What is p(-271)?
301
Let j(s) = -6*s**2 - 1722*s - 6801. Calculate j(-4).
-9
Let u(k) = k**2 - 406391*k - 2031978. Calculate u(-5).
2
Let k(h) = 9522*h**2 - 104696*h - 41. Determine k(11).
465
Let b(l) = -l**3 + 18*l**2 - 32*l + 29. Calculate b(7).
344
Let t(p) = -2*p**3 - 139*p**2 - 220*p - 10397. Calculate t(-69).
22
Let y(n) = n**3 - 10*n**2 + 364*n - 4045. Determine y(11).
80
Let y(k) = -1052*k + 106229. Give y(101).
-23
Let p(l) = l**3 - 118*l**2 + 246*l - 1568. Give p(116).
56
Let m(l) = 2*l**3 + 18*l**2 - 76*l - 578. What is m(-7)?
150
Let j(q) = q**3 - 425*q**2 + 45147*q - 544. What is j(209)?
83
Let r(x) = -240*x - 9127. Determine r(-50).
2873
Let p(u) = 432*u**3 + 13414*u**2 + 681*u - 35. Calculate p(-31).
-4
Let n(g) = -2*g**2 - 18*g + 593. Determine n(-20).
153
Let d(s) = 71486*s + 7148628. Give d(-100).
28
Let v(g) = -g**3 - 32*g**2 - 2577*g - 21321. What is v(-9)?
9
Let m(x) = -x**3 + 96*x**2 - 178*x + 746. Give m(94).
1686
Let k(z) = -10*z**3 + 5*z**2 - 435*z - 1300. Determine k(-3).
320
Let h(o) = -o**2 - 298*o + 5045. Determine h(16).
21
Let u(g) = -523*g + 59272. Give u(114).
-350
Let x(z) = -41*z**3 - 3444*z**2 + 2*z + 292. Determine x(-84).
124
Let x(g) = -28*g**2 + 569*g - 1891. Determine x(16).
45
Let n(d) = d**3 - 154*d**2 + 483*d + 17731. Determine n(150).
181
Let z(i) = 31*i**2 + 116*i - 50. Calculate z(-4).
-18
Let o(y) = 2*y**3 - 27*y**2 - 240*y - 739. Calculate o(-5).
-464
Let m(n) = 63*n**3 - 47*n - 260. Calculate m(-4).
-4104
Let m(w) = -66*w**3 + 10*w**2 - 15*w + 10. Determine m(2).
-508
Let i(p) = -360*p**2 + 23759*p + 53. Determine i(66).
-13
Let b(r) = -r**3 + 87*r**2 + 3677*r - 323615. What is b(86)?
3
Let m(f) = f**2 + 4581*f + 41120. Give m(-9).
-28
Let b(m) = 1094471*m - 1094476. What is b(1)?
-5
Let q(w) = 3531*w + 5573. Determine q(-1).
2042
Let i(t) = 6*t**2 + 1896*t + 1901. What is i(-1)?
11
Let l(z) = -5626*z - 354369. What is l(-63)?
69
Let b(l) = -10*l**3 - 3*l**2 + 29*l - 57. Calculate b(2).
-91
Let a(z) = 3*z**3 - 142*z**2 - 95*z + 401. Give a(48).
449
Let b(c) = -402*c - 33057. Determine b(-84).
711
Let f(w) = -95*w**2 + 639*w - 640. Calculate f(1).
-96
Let k(b) = -31*b**2 + 724*b - 4221. Determine k(11).
-8
Let k(p) = p**3 - 6*p**2 - 96*p - 78. Calculate k(-8).
-206
Let t(n) = n**3 + 13*n**2 + 276*n + 2098. What is t(-7)?
460
Let k(t) = -876*t - 229515. What is k(-262)?
-3
Let v(s) = 2*s**3 + 116*s**2 - 2828*s - 164036. Give v(-58).
-12
Let a(u) = -7*u**2 - 814*u - 1486. Calculate a(-114).
338
Let c(f) = -f**3 + 35*f**2 - 263*f + 196. Calculate c(14).
630
Let u(z) = -2*z**2 + 38*z - 156. What is u(13)?
0
Let s(p) = -119*p**2 + 172*p - 99. Calculate s(3).
-654
Let s(g) = 35534*g + 497472. Give s(-14).
-4
Let x(f) = -1162*f + 8369. What is x(8)?
-927
Let r(z) = 109*z**2 + 5068*z - 7878. What is r(-48)?
-6
Let o(f) = 10*f**3 + 12*f**2 - 1047*f - 5290. Determine o(-5).
-1005
Let x(p) = -p**3 + 78*p**2 + 1520*p - 1494. Give x(94).
10
Let u(b) = -2*b**3 - 20*b**2 - 421*b - 3621. Calculate u(-9).
6
Let r(o) = -4*o**3 + 13*o**2 + 33*o + 23. Give r(-3).
149
Let u(t) = -2840*t + 53945. What is u(19)?
-15
Let o(w) = 5185*w - 9467841. What is o(1826)?
-31
Let g(k) = -4*k**2 - 3775*k + 1195191. What is g(-1194)?
-3
Let w(b) = 17*b**2 + 919*b + 915. What is w(-53)?
-39
Let r(w) = -w**3 + 23*w**2 + 4881*w - 29888. Calculate r(6).
10
Let m(p) = p**3 + 95*p**2 + 1923*p + 234. Give m(-29).
-27
Let g(r) = 2*r**2 - 111*r - 72383. Give g(220).
-3
Let l(v) = v**2 + 47410*v - 853732. Calculate l(18).
-28
Let g(p) = 403*p + 8728. What is g(-19)?
1071
Let g(h) = 3910*h + 11800. Calculate g(-3).
70
Let d(v) = -v**3 - 48*v**2 + 2185*v - 3687. Determine d(-77).
9
Let i(x) = -3763*x + 332060. Calculate i(88).
916
Let i(r) = -7*r**3 + 32*r**2 - 671*r + 2665. Calculate i(4).
45
Let d(s) = 7*s**3 - 29*s**2 - 816*s - 119. Determine d(-9).
-227
Let r(q) = 6*q**2 - 924*q - 729. Determine r(155).
201
Let o(c) = -9*c**3 + 10*c**2 + 12*c - 117. What is o(5)?
-932
Let a(m) = m**2 - 6455*m - 655498. What is a(-100)?
2
Let q(r) = 8*r**2 - 2041*r + 13868. Give q(7).
-27
Let w(k) = 4*k**2 + 15666*k - 188628. Calculate w(12).
-60
Let k(c) = c**2 + 440*c + 27355. Determine k(-74).
271
Let f(a) = 23*a - 2394. Determine f(126).
504
Let a(k) = -45*k**2 + 164*k + 434. What is a(-4)?
-942
Let b(x) = -200*x**3 - 624*x**2 - 63*x + 16. What is b(-3)?
-11
Let r(y) = -11*y**2 + 5276*y - 44843. Calculate r(471).
-98
Let f(q) = -3100*q - 325472. Calculate f(-105).
28
Let i(r) = 165*r**2 - 1192*r - 12. Determine i(6).
-1224
Let m(h) = -5*h**2 - 193*h + 275. Calcul